3
In base 3, what is -21 - 1011000002012121?
-1011000002012212
In base 10, what is 7108047 - -4?
7108051
In base 12, what is -908 - 12514?
-13220
In base 7, what is -20 - 43312563?
-43312613
In base 15, what is e3728 - 38?
e36e0
In base 15, what is 1b5 + 13cc0?
13e85
In base 6, what is 1020100 + -513?
1015143
In base 7, what is -4 + -1342250523?
-1342250530
In base 4, what is 1312331022122 - 10?
1312331022112
In base 15, what is b18c99 - 2?
b18c97
In base 15, what is -3 - -160b042e?
160b042b
In base 11, what is -36a3 - 9657?
-1224a
In base 2, what is 110111100001 + -1100010011110111?
-1011011100010110
In base 2, what is -10000110 - -10110100010111010000?
10110100010101001010
In base 15, what is -8ac93b - 20?
-8ac95b
In base 14, what is d28d19 + -9?
d28d10
In base 12, what is 4b13 - -23b9?
7310
In base 9, what is 1468482 + 266?
1468758
In base 8, what is 2657077 + -55?
2657022
In base 2, what is 100001011001000110 - -10010100?
100001011011011010
In base 13, what is 683 - ca90?
-c40a
In base 8, what is -41762 + 55661?
13677
In base 6, what is 304530103 + -1353?
304524310
In base 6, what is 5112543 + -1144?
5111355
In base 14, what is -452699 + 2d?
-45266a
In base 16, what is -dcee + -14f?
-de3d
In base 12, what is 1b598 + 1142?
2071a
In base 3, what is 222210002121002 - 10?
222210002120222
In base 14, what is 1 - 5b531d?
-5b531c
In base 6, what is 310400340 + -2?
310400334
In base 16, what is 2 - a7b1b4?
-a7b1b2
In base 15, what is 18736 - -18?
1874e
In base 14, what is -3 - 26c35?
-26c38
In base 4, what is 3021303022 + -31?
3021302331
In base 7, what is -10 - 240231511?
-240231521
In base 15, what is 211 + -12764?
-12553
In base 7, what is 14045 + -2160?
11555
In base 8, what is 4 + -13366665?
-13366661
In base 8, what is 22134 + 1522?
23656
In base 8, what is 2 - 274722114?
-274722112
In base 4, what is 32 + 1132301120?
1132301212
In base 5, what is 20 + -111414234?
-111414214
In base 7, what is -1154 - 6344326?
-6345513
In base 12, what is -2a1 + -600a?
-62ab
In base 13, what is 20c + c488?
c697
In base 13, what is 2b5 - 2970?
-2688
In base 14, what is 33d6b + -79?
33cd2
In base 16, what is -3d + -11827?
-11864
In base 11, what is -4976013 + 8?
-4976006
In base 2, what is -10100010000010110111011 - -10011?
-10100010000010110101000
In base 11, what is -265411 + 27?
-265395
In base 4, what is 11213032010 + 1112?
11213033122
In base 4, what is -223011313 - -10131?
-223001122
In base 6, what is 2 + 1541545515?
1541545521
In base 6, what is 545242 - -304145?
1253431
In base 7, what is 40651651 + 3?
40651654
In base 9, what is 37538585 + 2?
37538587
In base 14, what is 2c24a - -137a?
2d5c6
In base 5, what is -31131200 - 1003?
-31132203
In base 12, what is 4abba + 239?
4b237
In base 12, what is 21427 + -98?
2134b
In base 11, what is -a + 1217a7a4?
1217a795
In base 13, what is 98 + 184045?
184110
In base 14, what is -203174 - -1b0?
-202da4
In base 8, what is -10 - -146634?
146624
In base 4, what is -11 + -123201233221?
-123201233232
In base 8, what is 35631344 - -33?
35631377
In base 12, what is 1 + -586677?
-586676
In base 4, what is -111223221310 - -2?
-111223221302
In base 3, what is 12201001111 + 221?
12201002102
In base 7, what is 31303525 - -24?
31303552
In base 6, what is 445234 + -55?
445135
In base 2, what is -10 + -1010000001111111110011110111?
-1010000001111111110011111001
In base 12, what is b1083 - -126?
b11a9
In base 14, what is 12 + 37b5c?
37b70
In base 16, what is 3d4d8d - -a?
3d4d97
In base 12, what is 145804997 + 4?
14580499b
In base 3, what is -2020 + 1202012010110?
1202012001020
In base 11, what is -44a908 - 71?
-44a979
In base 6, what is -32 - 45243443?
-45243515
In base 16, what is 2 + f4b54bc?
f4b54be
In base 10, what is -405016 + 156?
-404860
In base 2, what is 1000010111 + -111000010111?
-110000000000
In base 7, what is 42 + 1210004?
1210046
In base 5, what is -10223 - 142141?
-202414
In base 12, what is 10835bb - 1?
10835ba
In base 8, what is -5 - -306342034?
306342027
In base 4, what is -33110032 + -1023?
-33111121
In base 12, what is 1530269 - 15?
1530254
In base 6, what is 525 + -232332?
-231403
In base 9, what is -1137 + -5548?
-6686
In base 11, what is 93277268 - -4?
93277271
In base 7, what is 433 + 2352445?
2353211
In base 12, what is 17 - 602003?
-601ba8
In base 11, what is 10134213 - 4?
1013420a
In base 14, what is 353 - 2631?
-22bc
In base 7, what is -1562101136 + -2?
-1562101141
In base 7, what is -404 + -2154225?
-2154632
In base 10, what is 819337 + -796?
818541
In base 16, what is -edd + 13147?
1226a
In base 2, what is 100 - 1011100010101011000000101?
-1011100010101011000000001
In base 9, what is 2142 + 304040?
306182
In base 10, what is 2121136 + 3?
2121139
In base 8, what is 1335230 - -150?
1335400
In base 9, what is -22630241 - -11?
-22630230
In base 16, what is 2603 - 508?
20fb
In base 16, what is -41e64cec + -5?
-41e64cf1
In base 9, what is -20 - 12208306?
-12208326
In base 11, what is -21023 - -3953?
-18180
In base 2, what is 1 + 1001100001010101100100?
1001100001010101100101
In base 14, what is -35 - -54b53?
54b1c
In base 4, what is 101112 - 2012121?
-1311003
In base 11, what is -653952 + 4a4?
-653459
In base 3, what is 2021200 + -1222?
2012201
In base 12, what is 24a282 - 5?
24a279
In base 12, what is -6639796 - 6?
-66397a0
In base 16, what is -2085897 + -26?
-20858bd
In base 8, what is 41730672 + -4?
41730666
In base 10, what is -47116 + -28?
-47144
In base 16, what is 2d7 - -162f1?
165c8
In base 4, what is -10 - 2110320022212?
-2110320022222
In base 13, what is 0 + 404cb5?
404cb5
In base 12, what is 1a - 1125220?
-1125202
In base 16, what is -7c9b812 + -4?
-7c9b816
In base 16, what is -3 - 322e?
-3231
In base 13, what is 11419b664 + -4?
11419b660
In base 6, what is 0 - 51135443024?
-51135443024
In base 2, what is 11101100 + 10011?
11111111
In base 4, what is 123 - -1132122003?
1132122132
In base 2, what is -1 - -10101011110010011101010?
10101011110010011101001
In base 10, what is 171378145 + -7?
171378138
In base 11, what is 269894 + -11?
269883
In base 15, what is 5d0b70 - 0?
5d0b70
In base 12, what is -1bb733 + 243?
-1bb4b0
In base 8, what is -72527376 - 2?
-72527400
In base 10, what is -1 - -109489537?
109489536
In base 16, what is -3095d + 6c?
-308f1
In base 13, what is 473408 - -3?
47340b
In base 8, what is -46106 + 4471?
-41415
In base 12, what is 622 + -5384?
-4962
In base 16, what is 1 + -34531a?
-345319
In base 7, what is 10536 + 16430?
30266
In base 8, what is -2 - 1165206?
-1165210
In base 9, what is 11252 + -43487?
-32235
In base 5, what is 223 - -302342223?
302343001
In base 13, what is -5 - -4627575?
4627570
In base 3, what is 1002001221 - 122202?
1001102012
In base 5, what is 231342 - -203323?
440220
In base 9, what is 0 + -1060155?
-1060155
In base 11, what is -15 + -5248?
-5262
In base 4, what is -23102123021 - -332?
-23102122023
In base 7, what is 413233 - 16303?
363630
In base 8, what is -6322747 + -206?
-6323155
In base 11, what is -5 - -129054362?
129054358
In base 5, what is -232204024012 - 10?
-232204024022
In base 7, what is 4 + -64226042?
-64226035
In base 5, what is -1423403 - 120?
-1424023
In base 5, what is 4043122 + -1424?
4041143
In base 11, what is 22557514 - -4?
22557518
In base 14, what is 407349 + 2?
40734b
In base 3, what is -1001 + 221120120221211?
221120120220210
In base 16, what is -16e9e - -89?
-16e15
In base 16, what is 876a000 + 5?
876a005
In base 5, what is 101120042 - 12?
101120030
In base 14, what is -4b7 - -7752?
7279
In base 5, what is -114 - -110141004?
110140340
In base 13, what is 121335 - -1?
121336
In base 6, what is 30 + 1555123150?
1555123220
In base 11, what is -7a8421 + 0?
-7a8421
In base 4, what is -10101031100 - -3103?
-10101021331
In base 6, what is 4252 + 152551?
201243
In base 12, what is 0 + 2891941?
2891941
In base 15, what is d850a3 - -1?
d850a4
In base 5, what is -32113 + -111?
-32224
In base 2, what is -11 - 10010011010101110101000010?
-10010011010101110101000101
In base 3, what is 222020011010 - -22?
222020011102
In base 6, what is 14204 + -1425040?
-1410432
In base 4, what is -1 + 3310103332?
3310103331
In base 16, what is 4952e5 - 5?
4952e0
In base 8, what is 4 + -321453617?
-321453613
In base 8, what is -1 + -47422650?
-47422651